44?
True
Is 25 a factor of 299700?
True
Is 462668 a multiple of 389?
False
Does 588 divide 258050?
False
Is 15534080 a multiple of 296?
True
Is 78891 a multiple of 3?
True
Is 10 a factor of 726430?
True
Is 453 a factor of 2816301?
True
Is 5 a factor of 22135?
True
Does 17 divide 10609755?
False
Is 518 a factor of 15791230?
True
Is 55 a factor of 1099926?
False
Does 275 divide 2271775?
True
Is 14 a factor of 6216405?
False
Is 958776 a multiple of 24?
True
Is 34821 a multiple of 43?
False
Does 42 divide 172343?
False
Is 111279 a multiple of 49?
True
Is 379 a factor of 906589?
False
Does 142 divide 13348?
True
Does 206 divide 3127834?
False
Is 775 a factor of 1772314?
False
Is 481 a factor of 235177?
False
Does 94 divide 132916?
True
Does 48 divide 3267494?
False
Is 330 a multiple of 5?
True
Is 6 a factor of 219327?
False
Does 32 divide 87936?
True
Is 228818 a multiple of 37?
False
Is 317 a factor of 4446894?
False
Is 25 a factor of 835300?
True
Does 246 divide 130134?
True
Is 1641 a factor of 12672492?
False
Does 17 divide 972009?
True
Does 10 divide 6270?
True
Is 230 a factor of 4111710?
True
Is 112669 a multiple of 133?
False
Is 15923 a multiple of 114?
False
Is 462878 a multiple of 26?
True
Is 35420 a multiple of 11?
True
Is 20 a factor of 588800?
True
Is 292 a factor of 1050616?
True
Does 47 divide 2528254?
False
Is 82 a factor of 8157852?
True
Does 410 divide 1805066?
False
Is 34 a factor of 4055?
False
Is 48 a factor of 327708?
False
Is 2889911 a multiple of 67?
True
Is 172620 a multiple of 10?
True
Is 9742230 a multiple of 445?
False
Does 21 divide 985425?
True
Is 7 a factor of 11851?
True
Is 11790538 a multiple of 129?
False
Is 304836 a multiple of 42?
True
Is 2273544 a multiple of 36?
True
Is 17 a factor of 151640?
True
Is 5712730 a multiple of 20?
False
Does 11 divide 61116?
True
Does 6 divide 7596?
True
Does 224 divide 54880?
True
Is 713 a factor of 7700400?
True
Is 304752 a multiple of 24?
True
Does 12 divide 3239760?
True
Does 10 divide 12204932?
False
Does 19 divide 324691?
True
Is 145 a factor of 465305?
True
Is 23 a factor of 1835926?
False
Is 1431619 a multiple of 125?
False
Is 19 a factor of 1076464?
True
Is 194 a factor of 901748?
False
Is 9871080 a multiple of 40?
True
Is 186 a factor of 7711188?
True
Is 220932 a multiple of 68?
True
Is 238698 a multiple of 149?
True
Is 163 a factor of 500247?
True
Does 90 divide 177261?
False
Does 90 divide 350761?
False
Does 35 divide 249563?
False
Does 14 divide 34024?
False
Is 154 a factor of 1157310?
True
Is 22 a factor of 320980?
True
Does 137 divide 3806712?
False
Does 377 divide 164749?
True
Is 121997 a multiple of 3?
False
Is 55 a factor of 22931?
False
Is 75 a factor of 2044575?
True
Is 60 a factor of 41439?
False
Is 346511 a multiple of 427?
False
Is 416632 a multiple of 72?
False
Is 7 a factor of 56287?
True
Is 418955 a multiple of 5?
True
Does 16 divide 22438?
False
Does 248 divide 1385824?
True
Does 213 divide 4047?
True
Is 785106 a multiple of 153?
False
Is 18 a factor of 2946474?
True
Is 494079 a multiple of 5?
False
Does 113 divide 471347?
False
Is 29896 a multiple of 202?
True
Does 59 divide 581504?
True
Is 9269904 a multiple of 141?
True
Is 9 a factor of 4446?
True
Does 7 divide 19123272?
True
Does 76 divide 195871?
False
Does 45 divide 5783198?
False
Does 6 divide 274668?
True
Is 778 a factor of 791215?
False
Does 6 divide 1595922?
True
Is 3 a factor of 602?
False
Is 3218400 a multiple of 10?
True
Is 79994 a multiple of 2?
True
Is 458800 a multiple of 168?
False
Does 24 divide 39216?
True
Does 13 divide 145171?
True
Is 41 a factor of 205527?
False
Is 80966 a multiple of 4?
False
Does 5 divide 14050?
True
Does 18 divide 11319490?
False
Does 58 divide 86652?
True
Is 99480 a multiple of 2?
True
Is 243083 a multiple of 68?
False
Does 18 divide 138623?
False
Does 5 divide 209297?
False
Is 52248 a multiple of 33?
False
Is 278915 a multiple of 195?
False
Is 162 a factor of 53489?
False
Is 4 a factor of 33046?
False
Does 42 divide 194167?
False
Is 215 a factor of 128570?
True
Is 10 a factor of 169060?
True
Does 24 divide 84960?
True
Is 22 a factor of 5890383?
False
Is 384655 a multiple of 19?
True
Is 17875 a multiple of 5?
True
Is 9202642 a multiple of 107?
True
Is 16231 a multiple of 10?
False
Is 135533 a multiple of 11?
False
Does 348 divide 5708703?
False
Is 81992 a multiple of 37?
True
Is 338737 a multiple of 9?
False
Is 6 a factor of 1603398?
True
Does 203 divide 354032?
True
Is 125551 a multiple of 205?
False
Is 290 a factor of 4016790?
True
Does 192 divide 4933248?
True
Does 19 divide 2810689?
True
Is 1166165 a multiple of 91?
True
Is 131 a factor of 554752?
False
Is 144 a factor of 3088012?
False
Is 2 a factor of 792082?
True
Does 19 divide 618070?
True
Does 8 divide 338385?
False
Is 12 a factor of 202679?
False
Is 272 a factor of 3808?
True
Is 933640 a multiple of 340?
True
Is 1655865 a multiple of 465?
True
Is 9264 a multiple of 48?
True
Does 19 divide 49882?
False
Is 58 a factor of 1405224?
True
Is 3 a factor of 850780?
False
Is 1258 a factor of 448862?
False
Does 19 divide 132183?
True
Is 28 a factor of 42582?
False
Is 18695040 a multiple of 26?
True
Is 1230730 a multiple of 23?
True
Does 137 divide 1041200?
True
Is 28 a factor of 4279892?
False
Is 154 a factor of 259336?
True
Is 1906466 a multiple of 50?
False
Is 153150 a multiple of 50?
True
Does 22 divide 142142?
True
Does 76 divide 3510212?
True
Is 4277 a multiple of 476?
False
Is 384 a factor of 7304448?
True
Is 23 a factor of 1045613?
False
Does 177 divide 1228257?
False
Does 16 divide 400?
True
Does 46 divide 64584?
True
Is 115270 a multiple of 5?
True
Does 2 divide 32591?
False
Is 133 a factor of 105487?
False
Does 210 divide 750120?
True
Is 235 a factor of 40021?
False
Is 18 a factor of 1046036?
False
Does 181 divide 854555?
False
Is 252445 a multiple of 76?
False
Is 196 a factor of 901600?
True
Does 548 divide 4305636?
True
Does 127 divide 1869149?
False
Does 68 divide 775625?
False
Does 6 divide 47500?
False
Does 526 divide 47062?
False
Does 15 divide 618700?
False
Does 6 divide 96136?
False
Is 110045 a multiple of 20?
False
Is 99 a factor of 956741?
False
Is 12 a factor of 330784?
False
Is 76 a factor of 5389920?
True
Is 1177 a factor of 936727?
False
Does 298 divide 1974399?
False
Is 1770529 a multiple of 647?
False
Is 317192 a multiple of 13?
False
Does 8 divide 587529?
False
Is 58 a factor of 131065?
False
Is 594504 a multiple of 207?
True
Is 68 a factor of 84864?
True
Does 19 divide 188499?
True
Is 37910 a multiple of 85?
True
Does 1400 divide 5622400?
True
Is 1033356 a multiple of 33?
False
Does 15 divide 271573?
False
Does 11 divide 1917509?
True
Is 44 a factor of 1121410?
False
Does 21 divide 3074176?
False
Is 131 a factor of 446589?
False
Is 151 a factor of 160778?
False
Is 5895413 a multiple of 1451?
True
Is 31 a factor of 66288?
False
Is 363885 a multiple of 85?
True
Does 29 divide 3728037?
True
Is 4365 a multiple of 44?
False
Is 112 a factor of 32368?
True
Is 1079 a factor of 86959?
False
Does 52 divide 6654388?
True
Is 68982 a multiple of 68?
False
Does 104 divide 10420072?
True
Does 150 divide 10426?
False
Is 2353992 a multiple of 24?
True
Is 20 a factor of 603640?
True
Does 453 divide 10964835?
False
Does 28 divide 84084?
True
Does 122 divide 74233?
False
Is 1868214 a multiple of 248?
False
Is 8217439 a multiple of 169?
False
Is 35706 a multiple of 70?
False
Is 14520 a multiple of 40?
True
Does 28 divide 186956?
True
Is 6865200 a multiple of 23?
False
Does 5 divide 955078?
False
Is 474449 a multiple of 35?
False
Is 466533 a multiple of 9?
True
Is 941 a factor of 1458550?
True
Is 925842 a multiple of 6?
True
Is 326713 a multiple of 313?
False
Does 47 divide 175310?
True
Is 3988454 a multiple of 849?
False
Is 14 a factor of 2688282?
False
Does 109 divide 2010979?
False
Is 1814652 a multiple of 388?
False
Is 20625 a multiple of 125?
True
Is 2 a factor of 3874?
True
Is 6 a factor of 14976?
True
Is 108 a factor of 35208?
True
Does 260 divide 193440?
True
Is 9077248 a multiple of 8?
True
Is 14370 a multiple of 2?
True
Is 15410587 a multiple of 24?
False
Is 25276 a multiple of 89?
True
Is 2469636 a multiple of 36?
True
Is 239048 a multiple of 104?
False
Is 568 a factor of 2382192?
True
Is 5 a fa